7
Let y(g) = 4*g**2 + 2*g - 18. Let z be y(3). Suppose -3*o + z = 12. Suppose -30 = o*l - 6*l. What are the prime factors of l?
3, 5
Suppose 5*p + 12 = p. Let l be -46 + (9/p - -4). Let y = -31 - l. What are the prime factors of y?
2, 7
Suppose 5*p + 5*p = -2220. Let h = 392 - p. What are the prime factors of h?
2, 307
Suppose 0 = -437*y + 446*y - 43632. List the prime factors of y.
2, 3, 101
Let d = -272 - -281. Suppose -d*q - 2*q = -2035. List the prime factors of q.
5, 37
Suppose -4*z = g - 7, 66*z - 5*g = 67*z - 16. Let t(y) be the first derivative of 111*y**2/2 + 2*y - 1. List the prime factors of t(z).
113
List the prime factors of 8/25*-5*72830/(-8).
2, 7283
Suppose 4*w - 930 = -2*w. Suppose 10 = -2*g, 3*z - w = z - 3*g. Let q = z + -64. List the prime factors of q.
3, 7
Let w be (-1479)/58*276/9. Let p = 374 - w. List the prime factors of p.
2, 17
Let k(t) = 2*t**3 + 43*t**2 + 16*t + 5. Let f = 119 + -140. What are the prime factors of k(f)?
2, 5, 11
Let r(z) = -z**2 + 6*z + 10. Let d be r(7). Suppose -d*h - 105 = -8*h. Let a = 5 + h. What are the prime factors of a?
2, 13
Let l(a) = 9*a**3 + 3*a**2 + a - 3. Let v be l(4). Suppose -4*m = m - v. Let z = 249 - m. What are the prime factors of z?
2, 31
Let j = 7199 - 2008. List the prime factors of j.
29, 179
Suppose 4 = -2*x, -8*s - 24 = -5*s + 3*x. List the prime factors of 885*9/6 - s/(-12).
1327
Let v(g) = 681*g + 511*g - 1312*g - 151. List the prime factors of v(-9).
929
Suppose -92*i + 724452 - 173929 = -137269. What are the prime factors of i?
2, 3, 7, 89
Suppose 4882 = 6*y - 1244. Suppose -l - 2*g + y = 0, -159 + 1174 = l - 4*g. What are the prime factors of l?
1019
Let i(s) = 0*s - 7*s + s**2 - 11*s - s - 22. Let q be i(18). Let u = 166 + q. List the prime factors of u.
2, 3, 7
Let y = -4342 + 8553. What are the prime factors of y?
4211
Let p be (-1 - 0) + 1 + 8. Let t(w) = 27*w + 14. Let n(b) = 10*b + 4. Let r(a) = -8*n(a) + 3*t(a). List the prime factors of r(p).
2, 3
Suppose 5*d + 768 = -3*j, -3*d - 2*j - 614 = d. Suppose 2*b - 2 = -p + 8, -5*p + 14 = -2*b. Let z = b - d. List the prime factors of z.
2, 3, 13
Suppose 238*w - 4235562 + 2584830 = 3133544. List the prime factors of w.
2, 19, 23
Let t be (-32)/(-24) - 530/6. Let u = 477 + t. List the prime factors of u.
2, 3, 5, 13
Let g = 178 + -249. Let k = 300 + -192. Let p = k + g. What are the prime factors of p?
37
Let r be ((-1)/1)/(3/(-72)*3). Suppose 5*p - 2*u - 1857 = 631, 2*u + r = 0. Suppose g + 5*h - 108 = h, 5*g - 2*h - p = 0. List the prime factors of g.
2, 5
Let n(i) = 4*i**2 + 237*i - 557. List the prime factors of n(-103).
2, 11, 397
Suppose -13*t + 154 = -3460. List the prime factors of t.
2, 139
Let j be (-1464)/1*(-2 + (-3 - -4)). List the prime factors of 6/15 + j/15 + 5.
103
Let i be (4812/(24/(-4)))/2. Let a = 1064 + i. What are the prime factors of a?
3, 13, 17
Suppose 3*w + 2*w = 4*i + 30, 4*w + 7 = -3*i. Let a(c) = -4*c + 11 + 5*c + 2*c**w - 2*c. List the prime factors of a(5).
2, 7
Let h be (2502/(-15))/((-6)/(-80)). What are the prime factors of (-18)/(-63) + h/(-7)?
2, 3, 53
Suppose 7 = -t, 0 = 3*k - 2*t + 520 - 4914. What are the prime factors of k?
2, 5, 73
Let u(c) = -c**3 - 6*c**2 + 12*c + 7. Let w be u(-8). Let l = w + -36. Suppose 103 = 2*m + l. What are the prime factors of m?
2, 5
Let j = -4072 + 11358. List the prime factors of j.
2, 3643
What are the prime factors of 40/90 - (372750/(-27) + 5)?
37, 373
Let i(a) be the first derivative of -a**4/4 + 4*a**3/3 + 4*a**2 - 5*a - 111. Suppose w + 2*u = -2*u, -3 = 3*u. List the prime factors of i(w).
3
Let s = 335 + -279. Let m = 202 - 114. Let a = m - s. List the prime factors of a.
2
Suppose 4*v + r + 17 = 0, -5*r - 11 - 14 = 5*v. What are the prime factors of (18/(-6))/(v/52)?
3, 13
Let l(f) = -93*f - 1327. Let d be l(-12). Suppose -5*g - 298 = -103. Let r = g - d. What are the prime factors of r?
2, 43
Suppose 18*l - 13*l - 5*a + 65 = 0, a - 5 = 0. Let k be (l/(-6))/(6/1971). Suppose -2*g + 739 = 5*t, 17*g - k = -3*t + 14*g. What are the prime factors of t?
149
Let s = -171 + 174. List the prime factors of (s - 1 - -4) + 244.
2, 5
Suppose t - 19406 = 3963. What are the prime factors of t?
23369
Suppose 0 = 4*q + n - 62626, -34*q = -29*q - 2*n - 78263. What are the prime factors of q?
5, 31, 101
Suppose 0 = 27*r - 222260 - 30098 - 58277. List the prime factors of r.
3, 5, 13, 59
Suppose 1260801 = 58*z - 35963. List the prime factors of z.
2, 7, 1597
Let a = 22554 + -11456. List the prime factors of a.
2, 31, 179
Let r(j) be the third derivative of j**5/12 - 11*j**4/12 - j**3/6 - 15*j**2. Let q(c) = 6*c + 2. Let g be q(1). What are the prime factors of r(g)?
11, 13
Suppose -6*w - 3*t + 9 = -2*w, 0 = 5*w - 4*t + 12. Suppose 2*l = w, -2*v = -2*l + 26 + 4. Let y = 140 + v. What are the prime factors of y?
5
Suppose -56 = -5*v + 2*d, 3*v - 2*d = -v + 46. Suppose -6 = -4*x + v. Suppose -2*u = x*h - 74, -104 = 5*u - 3*h - 354. List the prime factors of u.
47
Let g = 30 - 28. Suppose -t = g*t - 15. Suppose -t*z + 11*z = 612. List the prime factors of z.
2, 3, 17
Let g be 4/(-7) - (-3)/((-168)/(-149552)). Suppose -251*o + 246*o + g = 0. List the prime factors of o.
2, 3, 89
Let x(o) = -44*o**2 + 23*o + 62. Let w(t) = -44*t**2 + 24*t + 61. Let g(s) = 5*w(s) - 6*x(s). What are the prime factors of g(-4)?
709
Let p = 9128 - 317. What are the prime factors of p?
3, 11, 89
Let n(x) = -x - 12. Let g be n(-11). Let v be (g - (3 + 3)/(-3)) + 5. Let k(o) = 3*o + 11. List the prime factors of k(v).
29
Suppose 12*x - 227271 = 4*x - 63*x. List the prime factors of x.
3, 11, 97
Let y be (84/105)/((-3)/45). List the prime factors of ((-5493)/y)/((-6)/(-24)).
1831
Let s(b) = -328*b - 138. Let w(l) = 66*l + 28. Let g(h) = 3*s(h) + 14*w(h). List the prime factors of g(-8).
2, 229
Suppose 19*l - 32*l + 4550 = 0. Suppose i = -r + l, 1720 = 5*r - 10*i + 5*i. List the prime factors of r.
347
Let t(g) = 2*g + 219. Let k be t(0). Let s = 494 - k. Suppose 5*f - s = 5. List the prime factors of f.
2, 7
Let x = -551 + 281. Let y = 475 + x. List the prime factors of y.
5, 41
Suppose 10*v = -49*v - 244854 + 2602612. What are the prime factors of v?
2, 13, 29, 53
Suppose 0 = 4*k - 8*k + 7*k - 27228. List the prime factors of k.
2, 2269
Suppose -5*f + 2*h + 5 = 0, 5*f + 0*h - h - 10 = 0. Let t be ((-40)/12 + f)*201. Let l = t - -99. What are the prime factors of l?
2
Let d be 3/(-6)*(-1 + 1). Suppose 3*y - 8 = 2*k + 25, 0 = -4*k - 12. Suppose -y*m + 12*m - 300 = d. List the prime factors of m.
2, 5
Let q(z) = 8 - z + 0*z - 39 - 7*z. What are the prime factors of q(-19)?
11
Let p = -26 + 30. Let o(f) = 5*f**2 - 2*f + 7. Let t be o(p). Let l = -4 + t. List the prime factors of l.
3, 5
Suppose -6 = -42*v + 120. Suppose -530 = -2*i - 3*c + 412, i + v*c = 474. What are the prime factors of i?
2, 3, 13
Let u = -31125 + 53041. What are the prime factors of u?
2, 5479
Suppose 5*a + 3 + 3 = 4*u, 2 = a. Let p(c) = 40*c**2 + 4*c - 22. List the prime factors of p(u).
2, 317
Suppose -109*i + 564538 = -96*i. List the prime factors of i.
2, 21713
Let m be 4 + (-4 - 1) - -4. Let c(u) = u**2 + 5*u - 4. Let g be c(m). What are the prime factors of -21 + g - (0 + -84)?
83
Suppose 0 = 10*a - 577 - 513. Let l = -352 + 559. Let f = l - a. List the prime factors of f.
2, 7
Let g(h) = 2661*h**2 + 202*h - 399. List the prime factors of g(2).
23, 463
Let x = -142 + 149. Suppose -9*n - 11 - x = 0. List the prime factors of n - (-603)/(-5 + 8).
199
Let l be (-42)/10*30/(-9). Let a be (-77)/(-2) + (-7)/l. Let d = a + -4. What are the prime factors of d?
2, 17
Let i(u) = 153*u + 13. Let s be i(-5). What are the prime factors of 6 - (s + 1 - -3)?
2, 13, 29
Suppose -20 = 9*o - 13*o - a, 3*a = o + 8. Suppose o*y + 6940 = 4*z, 7*z - 3*y + 5199 = 10*z. List the prime factors of z.
2, 3, 17
Let b(w) be the third derivative of 205*w**4/24 - 349*w**3/6 - 303*w**2. List the prime factors of b(9).
2, 11, 17
Let v = 564 + 157. Suppose v*r = 720*r + 561. List the prime factors of r.
3, 11, 17
Let q(p) = 360*p - 30. Let y be q(6). Suppose 0 = 745*z - 747*z + y. What are the prime factors of z?
3, 5, 71
List the prime factors of ((-36)/(-6))/(8*(-8)/(-187712)).
2, 3, 7, 419
Let o(l) = 2731*l - 4238. List the prime factors 